{"id":2287,"date":"2024-06-25T13:19:56","date_gmt":"2024-06-25T13:19:56","guid":{"rendered":"https:\/\/casadaniportugal.com\/sobre-nos\/"},"modified":"2026-08-04T09:17:49","modified_gmt":"2026-08-04T09:17:49","slug":"sobre-nos","status":"publish","type":"page","link":"https:\/\/casadaniportugal.com\/pt-pt\/sobre-nos\/","title":{"rendered":"Sobre n\u00f3s"},"content":{"rendered":"<p><div class=\"fusion-fullwidth fullwidth-box fusion-builder-row-1 fusion-flex-container has-pattern-background has-mask-background hundred-percent-fullwidth non-hundred-percent-height-scrolling\" style=\"--awb-border-color:var(--awb-color6);--awb-border-radius-top-left:0px;--awb-border-radius-top-right:0px;--awb-border-radius-bottom-right:0px;--awb-border-radius-bottom-left:0px;--awb-padding-top:0px;--awb-margin-top:-80px;--awb-background-color:var(--awb-color6);--awb-flex-wrap:wrap;\" ><div class=\"fusion-builder-row fusion-row fusion-flex-align-items-flex-start fusion-flex-content-wrap\" style=\"width:104% !important;max-width:104% !important;margin-left: calc(-4% \/ 2 );margin-right: calc(-4% \/ 2 );\"><div class=\"fusion-layout-column fusion_builder_column fusion-builder-column-0 fusion_builder_column_1_1 1_1 fusion-flex-column\" style=\"--awb-bg-size:cover;--awb-width-large:100%;--awb-margin-top-large:0px;--awb-spacing-right-large:1.92%;--awb-margin-bottom-large:0px;--awb-spacing-left-large:1.92%;--awb-width-medium:100%;--awb-order-medium:0;--awb-spacing-right-medium:1.92%;--awb-spacing-left-medium:1.92%;--awb-width-small:100%;--awb-order-small:0;--awb-spacing-right-small:1.92%;--awb-spacing-left-small:1.92%;\" data-scroll-devices=\"small-visibility,medium-visibility,large-visibility\"><div class=\"fusion-column-wrapper fusion-column-has-shadow fusion-flex-justify-content-flex-start fusion-content-layout-column\"><div class=\"fusion-alert alert success alert-success fusion-alert-center fusion-alert-capitalize awb-alert-native-link-color\" style=\"--awb-margin-top:15px;\" role=\"alert\"><div class=\"fusion-alert-content-wrapper\"><span class=\"alert-icon\"><i class=\"awb-icon-check-circle\" aria-hidden=\"true\"><\/i><\/span><span class=\"fusion-alert-content\"><blockquote>\n<h4><strong>\u00c9s tu que realizas os teus sonhos, <\/strong><strong>n\u00e3o por sonh\u00e1-los, mas por os concretizar.<\/strong><\/h4>\n<\/blockquote><\/span><\/div><\/div><\/div><\/div><\/div><\/div><div class=\"fusion-fullwidth fullwidth-box fusion-builder-row-2 fusion-flex-container has-pattern-background has-mask-background hundred-percent-fullwidth non-hundred-percent-height-scrolling\" style=\"--awb-border-radius-top-left:0px;--awb-border-radius-top-right:0px;--awb-border-radius-bottom-right:0px;--awb-border-radius-bottom-left:0px;--awb-margin-top:15px;--awb-flex-wrap:wrap;\" ><div class=\"fusion-builder-row fusion-row fusion-flex-align-items-flex-start fusion-flex-content-wrap\" style=\"width:104% !important;max-width:104% !important;margin-left: calc(-4% \/ 2 );margin-right: calc(-4% \/ 2 );\"><div class=\"fusion-layout-column fusion_builder_column fusion-builder-column-1 fusion_builder_column_1_2 1_2 fusion-flex-column fusion-flex-align-self-flex-start\" style=\"--awb-bg-size:cover;--awb-width-large:50%;--awb-margin-top-large:0px;--awb-spacing-right-large:3.84%;--awb-margin-bottom-large:0px;--awb-spacing-left-large:3.84%;--awb-width-medium:100%;--awb-order-medium:0;--awb-spacing-right-medium:1.92%;--awb-spacing-left-medium:1.92%;--awb-width-small:100%;--awb-order-small:0;--awb-spacing-right-small:1.92%;--awb-spacing-left-small:1.92%;\" data-scroll-devices=\"small-visibility,medium-visibility,large-visibility\"><div class=\"fusion-column-wrapper fusion-column-has-shadow fusion-flex-justify-content-flex-start fusion-content-layout-column\"><div class=\"fusion-image-element\" style=\"--awb-caption-title-font-family:var(--h2_typography-font-family);--awb-caption-title-font-weight:var(--h2_typography-font-weight);--awb-caption-title-font-style:var(--h2_typography-font-style);--awb-caption-title-size:var(--h2_typography-font-size);--awb-caption-title-transform:var(--h2_typography-text-transform);--awb-caption-title-line-height:var(--h2_typography-line-height);--awb-caption-title-letter-spacing:var(--h2_typography-letter-spacing);\"><span class=\" fusion-imageframe imageframe-none imageframe-1 hover-type-none\"><img decoding=\"async\" width=\"1040\" height=\"760\" alt=\"Maarten e Gerda\" title=\"Maarten e Gerda\" src=\"https:\/\/casadaniportugal.com\/wp-content\/uploads\/2024\/06\/Maarten-en-Gerda.jpg\" data-orig-src=\"https:\/\/casadaniportugal.com\/wp-content\/uploads\/2024\/06\/Maarten-en-Gerda.jpg\" class=\"lazyload img-responsive wp-image-2286\" srcset=\"data:image\/svg+xml,%3Csvg%20xmlns%3D%27http%3A%2F%2Fwww.w3.org%2F2000%2Fsvg%27%20width%3D%271040%27%20height%3D%27760%27%20viewBox%3D%270%200%201040%20760%27%3E%3Crect%20width%3D%271040%27%20height%3D%27760%27%20fill-opacity%3D%220%22%2F%3E%3C%2Fsvg%3E\" data-srcset=\"https:\/\/casadaniportugal.com\/wp-content\/uploads\/2024\/06\/Maarten-en-Gerda-200x146.jpg 200w, https:\/\/casadaniportugal.com\/wp-content\/uploads\/2024\/06\/Maarten-en-Gerda-400x292.jpg 400w, https:\/\/casadaniportugal.com\/wp-content\/uploads\/2024\/06\/Maarten-en-Gerda-600x438.jpg 600w, https:\/\/casadaniportugal.com\/wp-content\/uploads\/2024\/06\/Maarten-en-Gerda-800x585.jpg 800w, https:\/\/casadaniportugal.com\/wp-content\/uploads\/2024\/06\/Maarten-en-Gerda.jpg 1040w\" data-sizes=\"auto\" data-orig-sizes=\"(max-width: 1024px) 100vw, (max-width: 640px) 100vw, 600px\" \/><\/span><\/div><\/div><\/div><div class=\"fusion-layout-column fusion_builder_column fusion-builder-column-2 fusion_builder_column_1_2 1_2 fusion-flex-column\" style=\"--awb-bg-size:cover;--awb-width-large:50%;--awb-margin-top-large:0px;--awb-spacing-right-large:3.84%;--awb-margin-bottom-large:0px;--awb-spacing-left-large:3.84%;--awb-width-medium:100%;--awb-order-medium:0;--awb-spacing-right-medium:1.92%;--awb-spacing-left-medium:1.92%;--awb-width-small:100%;--awb-order-small:0;--awb-spacing-right-small:1.92%;--awb-spacing-left-small:1.92%;\"><div class=\"fusion-column-wrapper fusion-column-has-shadow fusion-flex-justify-content-flex-start fusion-content-layout-column\"><div class=\"fusion-text fusion-text-1\"><p>N\u00f3s, a Gerda e o Maarten de Lange, j\u00e1 dizemos isto h\u00e1 anos. Gost\u00e1vamos muito de ir a Portugal. <\/p>\n<p>Em 2004, fic\u00e1mos encantados com a beleza do pa\u00eds, a simpatia das pessoas, a natureza, o sol e o mar. J\u00e1 nessa altura sab\u00edamos: um dia vamos viver em Portugal.<\/p>\n<\/div><div class=\"fusion-text fusion-text-2\"><p>Em Tomar, num terreno de 5500 m\u00b2, encontr\u00e1mos este lugar maravilhoso onde podemos viver e proporcionar aos h\u00f3spedes uma estadia inesquec\u00edvel. Aqui h\u00e1 tranquilidade, espa\u00e7o, terreno para os cavalos e, ainda assim, estamos perto de todas as comodidades e pontos tur\u00edsticos. Aqui podemos fazer com que as pessoas vivam a verdadeira sensa\u00e7\u00e3o de f\u00e9rias. Os h\u00f3spedes t\u00eam toda a liberdade e tranquilidade para desfrutarem. Tamb\u00e9m para os mais jovens h\u00e1 muitas op\u00e7\u00f5es para n\u00e3o se aborrecerem. H\u00e1 uma piscina, espa\u00e7o para jogar basquetebol, dardos, tiro com arco ou ajudar a cuidar e a dar mimos aos cavalos. Assim, os pais tamb\u00e9m podem sair tranquilamente por um dia e, se quiserem, n\u00f3s podemos entreter as crian\u00e7as.<\/p>\n<\/div><\/div><\/div><div class=\"fusion-layout-column fusion_builder_column fusion-builder-column-3 fusion_builder_column_1_1 1_1 fusion-flex-column\" style=\"--awb-bg-size:cover;--awb-width-large:100%;--awb-margin-top-large:0px;--awb-spacing-right-large:1.92%;--awb-margin-bottom-large:0px;--awb-spacing-left-large:1.92%;--awb-width-medium:100%;--awb-order-medium:0;--awb-spacing-right-medium:1.92%;--awb-spacing-left-medium:1.92%;--awb-width-small:100%;--awb-order-small:0;--awb-spacing-right-small:1.92%;--awb-spacing-left-small:1.92%;\"><div class=\"fusion-column-wrapper fusion-column-has-shadow fusion-flex-justify-content-flex-start fusion-content-layout-column\"><div class=\"fusion-text fusion-text-3\"><p>\u00abGostar\u00edamos muito de vos dar as boas-vindas a um dos nossos est\u00fadios e de vos fazer desfrutar de tudo o que esta regi\u00e3o tem para oferecer. Estamos ansiosos por vos conhecer\u00bb<\/p>\n<p>Com os nossos melhores cumprimentos,<\/p>\n<p>Casa Dani<\/p>\n<p>Gerda e Maarten de Lange<\/p>\n<\/div><\/div><\/div><\/div><\/div><\/p>\n","protected":false},"excerpt":{"rendered":"","protected":false},"author":1,"featured_media":0,"parent":0,"menu_order":0,"comment_status":"closed","ping_status":"closed","template":"100-width.php","meta":{"footnotes":""},"class_list":["post-2287","page","type-page","status-publish","hentry"],"_links":{"self":[{"href":"https:\/\/casadaniportugal.com\/pt-pt\/wp-json\/wp\/v2\/pages\/2287","targetHints":{"allow":["GET"]}}],"collection":[{"href":"https:\/\/casadaniportugal.com\/pt-pt\/wp-json\/wp\/v2\/pages"}],"about":[{"href":"https:\/\/casadaniportugal.com\/pt-pt\/wp-json\/wp\/v2\/types\/page"}],"author":[{"embeddable":true,"href":"https:\/\/casadaniportugal.com\/pt-pt\/wp-json\/wp\/v2\/users\/1"}],"replies":[{"embeddable":true,"href":"https:\/\/casadaniportugal.com\/pt-pt\/wp-json\/wp\/v2\/comments?post=2287"}],"version-history":[{"count":3,"href":"https:\/\/casadaniportugal.com\/pt-pt\/wp-json\/wp\/v2\/pages\/2287\/revisions"}],"predecessor-version":[{"id":2290,"href":"https:\/\/casadaniportugal.com\/pt-pt\/wp-json\/wp\/v2\/pages\/2287\/revisions\/2290"}],"wp:attachment":[{"href":"https:\/\/casadaniportugal.com\/pt-pt\/wp-json\/wp\/v2\/media?parent=2287"}],"curies":[{"name":"wp","href":"https:\/\/api.w.org\/{rel}","templated":true}]}}

Sobre nós

<p><div class="fusion-fullwidth fullwidth-box fusion-builder-row-1 fusion-flex-container has-pattern-background has-mask-background hundred-percent-fullwidth non-hundred-percent-height-scrolling" style="--awb-border-color:var(--awb-color6);--awb-border-radius-top-left:0px;--awb-border-radius-top-right:0px;--awb-border-radius-bottom-right:0px;--awb-border-radius-bottom-left:0px;--awb-padding-top:0px;--awb-margin-top:-80px;--awb-background-color:var(--awb-color6);--awb-flex-wrap:wrap;" ><div class="fusion-builder-row fusion-row fusion-flex-align-items-flex-start fusion-flex-content-wrap" style="width:104% !important;max-width:104% !important;margin-left: calc(-4% / 2 );margin-right: calc(-4% / 2 );"><div class="fusion-layout-column fusion_builder_column fusion-builder-column-0 fusion_builder_column_1_1 1_1 fusion-flex-column" style="--awb-bg-size:cover;--awb-width-large:100%;--awb-margin-top-large:0px;--awb-spacing-right-large:1.92%;--awb-margin-bottom-large:0px;--awb-spacing-left-large:1.92%;--awb-width-medium:100%;--awb-order-medium:0;--awb-spacing-right-medium:1.92%;--awb-spacing-left-medium:1.92%;--awb-width-small:100%;--awb-order-small:0;--awb-spacing-right-small:1.92%;--awb-spacing-left-small:1.92%;" data-scroll-devices="small-visibility,medium-visibility,large-visibility"><div class="fusion-column-wrapper fusion-column-has-shadow fusion-flex-justify-content-flex-start fusion-content-layout-column"><div class="fusion-alert alert success alert-success fusion-alert-center fusion-alert-capitalize awb-alert-native-link-color" style="--awb-margin-top:15px;" role="alert"><div class="fusion-alert-content-wrapper"><span class="alert-icon"><i class="awb-icon-check-circle" aria-hidden="true"></i></span><span class="fusion-alert-content"><blockquote>
<h4><strong>És tu que realizas os teus sonhos, </strong><strong>não por sonhá-los, mas por os concretizar.</strong></h4>
</blockquote></span></div></div></div></div></div></div><div class="fusion-fullwidth fullwidth-box fusion-builder-row-2 fusion-flex-container has-pattern-background has-mask-background hundred-percent-fullwidth non-hundred-percent-height-scrolling" style="--awb-border-radius-top-left:0px;--awb-border-radius-top-right:0px;--awb-border-radius-bottom-right:0px;--awb-border-radius-bottom-left:0px;--awb-margin-top:15px;--awb-flex-wrap:wrap;" ><div class="fusion-builder-row fusion-row fusion-flex-align-items-flex-start fusion-flex-content-wrap" style="width:104% !important;max-width:104% !important;margin-left: calc(-4% / 2 );margin-right: calc(-4% / 2 );"><div class="fusion-layout-column fusion_builder_column fusion-builder-column-1 fusion_builder_column_1_2 1_2 fusion-flex-column fusion-flex-align-self-flex-start" style="--awb-bg-size:cover;--awb-width-large:50%;--awb-margin-top-large:0px;--awb-spacing-right-large:3.84%;--awb-margin-bottom-large:0px;--awb-spacing-left-large:3.84%;--awb-width-medium:100%;--awb-order-medium:0;--awb-spacing-right-medium:1.92%;--awb-spacing-left-medium:1.92%;--awb-width-small:100%;--awb-order-small:0;--awb-spacing-right-small:1.92%;--awb-spacing-left-small:1.92%;" data-scroll-devices="small-visibility,medium-visibility,large-visibility"><div class="fusion-column-wrapper fusion-column-has-shadow fusion-flex-justify-content-flex-start fusion-content-layout-column"><div class="fusion-image-element" style="--awb-caption-title-font-family:var(--h2_typography-font-family);--awb-caption-title-font-weight:var(--h2_typography-font-weight);--awb-caption-title-font-style:var(--h2_typography-font-style);--awb-caption-title-size:var(--h2_typography-font-size);--awb-caption-title-transform:var(--h2_typography-text-transform);--awb-caption-title-line-height:var(--h2_typography-line-height);--awb-caption-title-letter-spacing:var(--h2_typography-letter-spacing);"><span class=" fusion-imageframe imageframe-none imageframe-1 hover-type-none"><img decoding="async" width="1040" height="760" alt="Maarten e Gerda" title="Maarten e Gerda" src="https://casadaniportugal.com/wp-content/uploads/2024/06/Maarten-en-Gerda.jpg" data-orig-src="https://casadaniportugal.com/wp-content/uploads/2024/06/Maarten-en-Gerda.jpg" class="lazyload img-responsive wp-image-2286" srcset="data:image/svg+xml,%3Csvg%20xmlns%3D%27http%3A%2F%2Fwww.w3.org%2F2000%2Fsvg%27%20width%3D%271040%27%20height%3D%27760%27%20viewBox%3D%270%200%201040%20760%27%3E%3Crect%20width%3D%271040%27%20height%3D%27760%27%20fill-opacity%3D%220%22%2F%3E%3C%2Fsvg%3E" data-srcset="https://casadaniportugal.com/wp-content/uploads/2024/06/Maarten-en-Gerda-200x146.jpg 200w, https://casadaniportugal.com/wp-content/uploads/2024/06/Maarten-en-Gerda-400x292.jpg 400w, https://casadaniportugal.com/wp-content/uploads/2024/06/Maarten-en-Gerda-600x438.jpg 600w, https://casadaniportugal.com/wp-content/uploads/2024/06/Maarten-en-Gerda-800x585.jpg 800w, https://casadaniportugal.com/wp-content/uploads/2024/06/Maarten-en-Gerda.jpg 1040w" data-sizes="auto" data-orig-sizes="(max-width: 1024px) 100vw, (max-width: 640px) 100vw, 600px" /></span></div></div></div><div class="fusion-layout-column fusion_builder_column fusion-builder-column-2 fusion_builder_column_1_2 1_2 fusion-flex-column" style="--awb-bg-size:cover;--awb-width-large:50%;--awb-margin-top-large:0px;--awb-spacing-right-large:3.84%;--awb-margin-bottom-large:0px;--awb-spacing-left-large:3.84%;--awb-width-medium:100%;--awb-order-medium:0;--awb-spacing-right-medium:1.92%;--awb-spacing-left-medium:1.92%;--awb-width-small:100%;--awb-order-small:0;--awb-spacing-right-small:1.92%;--awb-spacing-left-small:1.92%;"><div class="fusion-column-wrapper fusion-column-has-shadow fusion-flex-justify-content-flex-start fusion-content-layout-column"><div class="fusion-text fusion-text-1"><p>Nós, a Gerda e o Maarten de Lange, já dizemos isto há anos. Gostávamos muito de ir a Portugal. </p>
<p>Em 2004, ficámos encantados com a beleza do país, a simpatia das pessoas, a natureza, o sol e o mar. Já nessa altura sabíamos: um dia vamos viver em Portugal.</p>
</div><div class="fusion-text fusion-text-2"><p>Em Tomar, num terreno de 5500 m², encontrámos este lugar maravilhoso onde podemos viver e proporcionar aos hóspedes uma estadia inesquecível. Aqui há tranquilidade, espaço, terreno para os cavalos e, ainda assim, estamos perto de todas as comodidades e pontos turísticos. Aqui podemos fazer com que as pessoas vivam a verdadeira sensação de férias. Os hóspedes têm toda a liberdade e tranquilidade para desfrutarem. Também para os mais jovens há muitas opções para não se aborrecerem. Há uma piscina, espaço para jogar basquetebol, dardos, tiro com arco ou ajudar a cuidar e a dar mimos aos cavalos. Assim, os pais também podem sair tranquilamente por um dia e, se quiserem, nós podemos entreter as crianças.</p>
</div></div></div><div class="fusion-layout-column fusion_builder_column fusion-builder-column-3 fusion_builder_column_1_1 1_1 fusion-flex-column" style="--awb-bg-size:cover;--awb-width-large:100%;--awb-margin-top-large:0px;--awb-spacing-right-large:1.92%;--awb-margin-bottom-large:0px;--awb-spacing-left-large:1.92%;--awb-width-medium:100%;--awb-order-medium:0;--awb-spacing-right-medium:1.92%;--awb-spacing-left-medium:1.92%;--awb-width-small:100%;--awb-order-small:0;--awb-spacing-right-small:1.92%;--awb-spacing-left-small:1.92%;"><div class="fusion-column-wrapper fusion-column-has-shadow fusion-flex-justify-content-flex-start fusion-content-layout-column"><div class="fusion-text fusion-text-3"><p>«Gostaríamos muito de vos dar as boas-vindas a um dos nossos estúdios e de vos fazer desfrutar de tudo o que esta região tem para oferecer. Estamos ansiosos por vos conhecer»</p>
<p>Com os nossos melhores cumprimentos,</p>
<p>Casa Dani</p>
<p>Gerda e Maarten de Lange</p>
</div></div></div></div></div></p>
